-3). What is the greatest common factor of b and h?
22
Let d(h) = 11*h + 4. Let w(j) = 4*j + 1. Let u(c) = -2*d(c) + 7*w(c). Let i be u(4). Calculate the highest common factor of 161 and i.
23
Let x be (5 - 0)/((-1)/(-2)). Suppose -3 = 5*a + 12. Let g be 22 - (6/a + -1). Calculate the greatest common factor of x and g.
5
Suppose -25 = 2*o - 5*j - 135, 0 = -3*o - 5*j + 190. Calculate the greatest common factor of o and 10.
10
Suppose 0 = -2*q - 3*q - 20, 0 = -4*u - 2*q + 112. Suppose -2*p = -6*p + 300. Calculate the greatest common factor of u and p.
15
Suppose 0*l - 32 = -4*l. Let u be (2/(-4))/(l/(-128)). Calculate the greatest common divisor of u and 8.
8
Suppose v = 5*j + 30, -j + 2*j = -5. Suppose -m = -v - 16. Let y be 1*((-3 - -3) + m). What is the greatest common divisor of 7 and y?
7
Let h be (-2)/(-8) - 105/(-28). Let r be 2*(-1 - h/(-2)). Suppose 0*k = 4*b - 4*k - 24, 0 = 4*b + 4*k. What is the highest common factor of b and r?
1
Let a be (12/(-8))/((-2)/4). Suppose o - a*o = -88. What is the greatest common factor of o and 22?
22
Suppose 0 = u - 5. Let t(w) = -w**2 + 8*w - 4. Let b be t(6). Suppose -2*j + 12 + b = 0. What is the highest common factor of u and j?
5
Suppose 0 = -5*s + 3*i + 60, 0*s + 3*i = 3*s - 36. Suppose 2*m = 7*m. Suppose -2*q + 264 = -m*q. Calculate the highest common factor of q and s.
12
Let c = 6 + -4. Let r be 1 + (c + -1 - -1). Let y(v) = v**3 - v**2 + 9. Let g be y(0). What is the greatest common divisor of r and g?
3
Suppose 5*x = 2*g + 16, -2*g = -x - 0*g + 8. Suppose x*n - 11 = n. Calculate the highest common factor of 11 and n.
11
Suppose k + 117 = 4*t, -3*k + 0*k = 3*t - 99. What is the highest common divisor of t and 15?
15
Suppose 0 = 4*w + w - 20. Calculate the highest common factor of w and 4.
4
Suppose 1485 = 18*f - 13*f. What is the highest common factor of f and 27?
27
Suppose -3*c + 35 = -34. What is the highest common divisor of 253 and c?
23
Suppose 3*x + 2*x = 5. What is the highest common divisor of 1 and x?
1
Let a = 5 - 3. Suppose -5*p = -5*w + 60, -2*w + 33 = -3*p - a*p. What is the greatest common factor of 72 and w?
9
Suppose -47 = 2*q + 5*z + 200, -2*z - 123 = q. Let m be 2/(-6) + q/(-3). Calculate the greatest common factor of 10 and m.
10
Let g = 13 + -9. Calculate the greatest common factor of g and 12.
4
Suppose -14 = -f - 4*n + 20, -n + 94 = 5*f. Calculate the greatest common divisor of f and 9.
9
Let z = 189 - 175. Calculate the greatest common factor of z and 35.
7
Let c = -2 - -4. Suppose 0 = -t + c - 0. Suppose t*q = -47 + 159. What is the highest common factor of 8 and q?
8
Let k be 20/8*12/(-10) - -42. What is the greatest common factor of k and 52?
13
Let k = 12 - 0. Let h be (-4)/(k/(-9)) - -4. What is the greatest common factor of h and 1?
1
Let x be 5 + -4 + 0 + 1. Calculate the highest common factor of x and 6.
2
Let j = -42 + 50. Calculate the greatest common divisor of 20 and j.
4
Let t = 79 - 55. What is the highest common factor of 216 and t?
24
Suppose -4*g + 6*g - 70 = 0. Let h = -7 + g. What is the highest common divisor of 4 and h?
4
Let z = 8 + -4. Suppose 0 = -z*f + 314 + 146. What is the greatest common factor of f and 46?
23
Suppose -25 = -3*l + 2. Let b(v) = -v - 3. Let h be b(-5). Suppose n = 11 - h. Calculate the greatest common divisor of n and l.
9
Let u(v) = -3*v - 4. Let d be u(-4). Calculate the highest common divisor of 2 and d.
2
Let i(f) = -f**3 - 8*f**2 - 5*f + 16. Let l be i(-7). What is the highest common factor of 4 and l?
2
Suppose -4*r - b = -9, -4*r + 0*r + 2*b = -6. Let z be (-18)/(-8) - r/8. Let q be z/5 + 36/10. Calculate the greatest common divisor of 10 and q.
2
Suppose 1 = 3*p - 8. Suppose 3*r + 1 - 2 = 5*j, -p*j = -3*r + 3. Suppose 0*x = -r*x + 16. Calculate the highest common divisor of 40 and x.
8
Suppose 4*t + 102 = 7*t + 2*r, 108 = 3*t + 4*r. Calculate the greatest common divisor of t and 320.
32
Suppose -8*o - 20 = -132. Calculate the highest common divisor of o and 154.
14
Let b(m) = -m - 1. Let z be b(-3). Let u(s) = -7 + s**z - s + 0*s + 2. Let q be u(-5). What is the highest common divisor of q and 5?
5
Let i(m) = -m - 3. Let z be i(-7). Suppose 2*t - z - 34 = 0. Let n(a) = 5*a + 4. Let c be n(3). What is the highest common divisor of c and t?
19
Let r = -44 - -64. Let f be (6/21)/(3/(-7))*-6. Calculate the greatest common divisor of f and r.
4
Let q = -20 + 23. Calculate the highest common divisor of 27 and q.
3
Suppose o = -o - 3*b + 18, 0 = 3*o + 3*b - 21. Suppose o*v + d = -3*d + 71, -5*v + 103 = -d. Calculate the highest common factor of 63 and v.
21
Let r(o) be the second derivative of o**5/20 + o**4/2 + o**3/3 + o**2/2 + 7*o. Let j be r(-5). Calculate the greatest common factor of j and 16.
16
Suppose 10*u = 5*u - 5, -2*u - 2 = -2*f. Suppose f = -10*m + 5*m + 30. What is the highest common divisor of m and 15?
3
Suppose 34 = 5*n - 31. Calculate the highest common divisor of n and 104.
13
Suppose 2*s - 1 = -15. Let r = -2 - s. Let o(m) = m**2 + 5*m - 5. Let w be o(-6). Calculate the highest common divisor of r and w.
1
Let b = 25 - 13. Let j be 7*(2 + b/(-7)). Let r = j + 1. Calculate the greatest common divisor of r and 24.
3
Let m be ((-1)/2)/((-1)/12). Suppose -d - m = -4*d. Let l(k) = k**2 + 2*k - 2. Let p be l(-4). Calculate the highest common factor of p and d.
2
Suppose q - 112 = -2*s, s - 6*s + 273 = -q. Let v = 4 + -2. Let u be 23/v + (-2)/4. Calculate the highest common factor of u and s.
11
Let d = -138 - -139. Let w = -10 + 17. Calculate the highest common divisor of w and d.
1
Let b be 50/(2 - 2 - -2). Suppose -3*i = -5*i + 10. Suppose 152 = -i*w + 527. Calculate the highest common divisor of b and w.
25
Let q(r) = -5 + 0*r**2 - r + 6*r - 7 + r**2. Let g be q(-7). Calculate the highest common factor of 6 and g.
2
Let w be (14/3)/((-1)/(-12)). Suppose 0 = 3*y - 4*o - 21, y = -2*o - 0*o + 7. Calculate the highest common divisor of w and y.
7
Let w = -4 - -26. Let x be 24/14 + (-2)/(-7). What is the greatest common factor of x and w?
2
Suppose 5*i + 4*k = 79, 5*i + 0*k - 71 = 4*k. Let j = 10 + 20. Calculate the greatest common divisor of i and j.
15
Suppose i = -3*j + 8, 2*i - 5*i - 6 = -j. Suppose -2*h + 13 + 11 = 0. What is the highest common divisor of j and h?
3
Let j(k) = 2*k**2 - 3*k - 3. Let r be j(-1). What is the highest common factor of 16 and r?
2
Let o = 6 + -3. Suppose q = -0*j - 2*j + 77, 133 = o*j + 5*q. What is the greatest common factor of j and 18?
18
Let f(l) = 5*l**2 + 2*l - 1. Let a be (-1)/(-1) - 0/1. Let c be f(a). What is the highest common factor of 48 and c?
6
Let j be 197/2 - (-2)/4. Let p(r) = -4*r + 1. Let l be p(-2). Calculate the highest common divisor of j and l.
9
Let u be ((-45)/(-12) - 3)*-12. Let y = u - -19. What is the highest common divisor of 90 and y?
10
Let d = 753 + -290. Let w = 648 - d. Suppose w = 4*g - 607. Calculate the highest common divisor of g and 18.
18
Let w be (-2)/1 - -10*30/12. Calculate the greatest common divisor of 207 and w.
23
Let a(o) = 15*o + 87. Let k be a(9). What is the greatest common factor of k and 37?
37
Let j be ((-2)/(-2))/((-6)/(-1386)). Suppose 0 = -3*r + j - 66. What is the greatest common divisor of 11 and r?
11
Suppose 3*w + 3*k - 143 = -2*w, 4*w = -k + 113. Let p = -2 + w. Let g be p*((-6)/4)/(-3). What is the highest common factor of 104 and g?
13
Suppose -9*q + 84 = -6*q. What is the greatest common divisor of 14 and q?
14
Suppose -11 = -4*i + 29. Let r be 559/39 - 4/(-6). Calculate the highest common factor of r and i.
5
Suppose 86 + 73 = 5*h + n, -100 = -3*h + 4*n. Calculate the highest common factor of h and 48.
16
Let n be (-2)/(-10) - (-190)/50. Calculate the greatest common factor of 44 and n.
4
Suppose 2*j + 3 - 15 = 0. What is the highest common divisor of j and 6?
6
Let n = 14 - 22. Let v be 2 - (-1)/(2/n). Let d be (-417)/(-12) - v/8. Calculate the greatest common divisor of d and 7.
7
Suppose -4*g = -2*h + 12, -5*g - 13 - 8 = -4*h. Suppose 3*j = -h + 28. What is the greatest common divisor of 12 and j?
4
Suppose -o + 3*s = -3*o + 20, 0 = -o - 2*s + 10. Let y be (-8)/(-3) + -4*7/42. What is the highest common factor of o and y?
2
Let v(m) = 4*m**2 + 2*m - 2. Let n be v(2). What is the greatest common divisor of 45